2/4 - 2/12)*27. Let v be (9/(-6))/(o/(-12)). What is the remainder when 41 is divided by t(v)?
11
Suppose 0 = 64*n - 44*n - 2620. Calculate the remainder when n is divided by 35.
26
Suppose 2*x + 22 = 4*x - 4*h, 0 = 4*x + 3*h - 22. Let p(w) be the first derivative of -3*w**2/2 + 43*w - 1. Calculate the remainder when 131 is divided by p(x).
21
Let t(n) = 322*n + 79. What is the remainder when 188 is divided by t(0)?
30
Let h(j) = 4*j**3 - j**2 - j + 1. Let s be h(1). Suppose 65 = s*c + o, 4*o = 4*c - 36 - 40. What is the remainder when 101 is divided by c?
17
What is the remainder when 1015 is divided by -1*((-18)/(-24) + (-2481)/12)?
191
Let z be (318/15)/(((-2)/5)/2). Let s = z + 120. What is the remainder when 151 is divided by s?
11
Let m = -981 + 1047. Suppose 236 = 5*g - 1049. Calculate the remainder when g is divided by m.
59
Suppose 133*c = 103*c + 13267 + 5183. What is the remainder when c is divided by 155?
150
Let j be (33 - 5)*2 + 3. Suppose 76 + j = 5*t. What is the remainder when 40 is divided by 600/t + -2 + 16/9?
18
Suppose 13*v - 4647 = -968. What is the remainder when v is divided by 96?
91
Let m = 573 + -510. What is the remainder when 399 is divided by m?
21
Let u = -3596 + 3656. What is the remainder when 105 is divided by u?
45
Suppose 11*k - 12*k + 19 = 0. Let h = -4131 + 4189. What is the remainder when h is divided by k?
1
Let t(l) = 7*l**3 + 110*l**2 - 39*l - 59. Calculate the remainder when 784 is divided by t(-16).
42
Suppose 10*b - 116 = 414. Suppose 98*x - 2960 = 1450. Calculate the remainder when b is divided by x.
8
Let b(u) be the second derivative of u**5/20 - 13*u**4/12 + u**3/2 - 11*u**2 + 153*u. What is the remainder when 44 is divided by b(13)?
10
Let w = -60313 + 60373. Suppose -5 = -4*u + 79. Calculate the remainder when w is divided by u.
18
Let i = 15 + 8. Let y = 41392 - 41280. What is the remainder when y is divided by i?
20
Suppose -21*q + 13*q = 480. Let p = q + 88. Let a = 160 - 79. Calculate the remainder when a is divided by p.
25
Suppose -w - 12*w = -442. Let y be (-3 + 1)*(1 - -16). Calculate the remainder when (51/y)/(3/(-130)) is divided by w.
31
Let k(i) = 2*i**3 - 4*i**2 - 6*i - 3. Let m be (8/18)/(2/18). What is the remainder when k(m) is divided by 23?
14
Suppose -1553 = 189*a - 10610 - 582. Calculate the remainder when 515 is divided by a.
5
Suppose 5*d - 452 = 173. What is the remainder when d is divided by (-62)/(-434) + 3 + (-104)/(-7)?
17
Suppose 2*t - 5*c = 697, 0 = -3*t - 43*c + 41*c + 998. What is the remainder when t is divided by 162?
12
Let o(h) = h**2 + 45*h + 513. Calculate the remainder when (804/(-16))/3*-4 is divided by o(-16).
18
Let s be ((-170)/(-119))/(1/42). Let q = 12 + s. What is the remainder when q is divided by 11?
6
Suppose -1994*t - 60 = -1974*t. Let p(m) = -4*m - 8. Let x(l) = 4*l + 9. Let o(h) = 6*p(h) + 5*x(h). Calculate the remainder when o(t) is divided by 3.
0
Let o = 2931 + -2630. What is the remainder when o is divided by 54?
31
Let k(c) = 5*c + 94. Let w be k(-12). Suppose 320 = -2*g + w*g. What is the remainder when g is divided by (-4)/(-1*2/1)?
0
Suppose t = 3*k + 26, -5*t + k + 10 + 190 = 0. Let i = t - 30. What is the remainder when 5 + 32 + -4 - (2 - -1) is divided by i?
8
Let n(g) = -5*g**2 + 255*g**3 + 15 - 15*g**2 - 41*g - 256*g**3 + 4*g**2. What is the remainder when 150 is divided by n(-13)?
27
Let i(z) = 2*z**2 - 3*z - 8. What is the remainder when i(-6) is divided by (1/2)/(8 + 4355/(-546))?
19
Suppose 6*j - j = 3*z + 1446, -11*z = -2*j + 549. What is the remainder when j is divided by 103?
85
Suppose -84 = -6*r + 2*r. Let v = 6 + r. Calculate the remainder when v is divided by 45 - 26 - 18 - (0 + -9).
7
Let z(b) = 12*b**2 + 2*b + 2. What is the remainder when z(-3) is divided by ((-3 - 0)/(-3))/((-42)/(-1470))?
34
Suppose k - 87 = -c, 2*c + 23*k - 22*k - 175 = 0. What is the remainder when c is divided by 2?
0
Let p = 194 - 188. What is the remainder when 258/p*(-6)/(-6) is divided by 24?
19
Suppose -43 = -3*r + 134. Let h(s) = 9*s + 28. Let a be h(-3). Calculate the remainder when r is divided by 6/a + -10 - -35.
28
Suppose 0*g - 9*g + 783 = 0. Let t be ((4/2)/2)/((-8)/616). Let n = 88 + t. What is the remainder when g is divided by n?
10
Suppose 3*f = f + 370. Suppose 4*i - 2*c + 6*c - 256 = 0, -61 = -i + 2*c. What is the remainder when f is divided by i?
59
Let l = 4 - -2. Suppose -15*m = -172 - 398. Suppose -399 - 627 = -m*f. What is the remainder when f is divided by l?
3
Let l = -74 + 75. Suppose 5*m - 6*b - 20 = -4*b, b - 23 = -3*m. Let w = l + m. What is the remainder when 26 is divided by w?
5
Let o = 44 - -4. Let m = -104 + 164. Suppose 0 = 4*z - 5*g - m, 0*z - 3*g = -z + 22. Calculate the remainder when o is divided by z.
8
Let u = -17 - -21. Suppose c - 9 = -u. Suppose 0 = -0*d - c*d + 160. Calculate the remainder when d is divided by 9.
5
Suppose -6*z = -4*z - 5*z + 73512. What is the remainder when z is divided by 21?
18
Let y(u) = -u**3 + 8*u**2 + 8*u - 9. Let g = 167 + -234. Let r = 86 + g. Calculate the remainder when y(8) is divided by r.
17
Let p(f) = -601*f + 1222. Suppose -11 = -4*x + 4*n + 21, 0 = 4*n. What is the remainder when p(2) is divided by x?
4
Let k be 0 + (-9)/(54/(-348)). Let i = -32 + k. Calculate the remainder when 0 - (-2 - 74) - 2 is divided by i.
22
Suppose -z = 2*x - 58, 16268*x + 76 = 16272*x. Let l(q) = -25*q + 4. Calculate the remainder when l(-3) is divided by z.
19
Let l be 18/(-3) - -3 - 10. What is the remainder when 547 is divided by -1 + 1 - l/((-130)/(-500))?
47
Let w = 2778 + -2608. Calculate the remainder when 1027 is divided by w.
7
Let n = -16254 + 16279. Calculate the remainder when 110 is divided by n.
10
Let i = -3499 - -3585. What is the remainder when i is divided by 1?
0
Let b = 439 + -434. Calculate the remainder when ((2 - 1)/(14/(-868)))/(-2) is divided by b.
1
Let q be 1*-223*(7 - 8). Let s = q - 211. Calculate the remainder when 1/(-4) + 125/4 is divided by s.
7
Let q(g) = g**2 - 3*g - 3. Let n be q(7). Let c = 60 - n. Let u(t) = t**3 + 18*t**2 - 18*t + 31. Calculate the remainder when c is divided by u(-19).
11
Calculate the remainder when 145 is divided by (-330)/(-605) - 1567/(-11).
2
Suppose 5*a = 4*x - 6527, -438 = 2*x - 3*a - 3703. Suppose 0 = -25*u + 3*u + x. What is the remainder when u is divided by 21?
11
Let j(w) = 15*w**2 + 2*w + 4. Let x be 160/(-70) + (-10)/(-35). Calculate the remainder when 156 is divided by j(x).
36
Let n be -881 - (0 + -1 - 7). Let l = n + 930. What is the remainder when l is divided by 39?
18
Let f = 7409 - 7171. What is the remainder when f is divided by 99?
40
Calculate the remainder when 419 is divided by (9/(-6))/(-46 + 53 + (-790)/112).
27
Let j = -20 - -26. Let p(v) = 3*v**2 - v + 5. Let q be p(j). Suppose 3*g - 262 = q. What is the remainder when g is divided by 31?
30
Let v be 54/8 + -6 + 46/(-8). What is the remainder when (-52)/v*1210/44 is divided by 48?
46
Suppose 0*r = 3*r - 24. Suppose 0 = 2*t - r - 2. Suppose -1320 = 563*s - 673*s. Calculate the remainder when s is divided by t.
2
Suppose 4*j + 4*n - 3864 = 0, -72*j + 75*j + 2*n - 2890 = 0. What is the remainder when j is divided by 12?
10
Let a = -2639 + 2700. Calculate the remainder when 3292 is divided by a.
59
Let d = -1354 - -1360. Suppose 0 = -4*q + 3*k - 15, 0 = -4*q + 8*q + 5*k - 25. Suppose -4*t + 8 + 40 = q. Calculate the remainder when t is divided by d.
0
Let n be 80/6*(-90)/(-8). What is the remainder when (0 + -1)/(-9 + 1344/n) is divided by 9?
7
Suppose -44*h + 57*h - 2990 = 0. Calculate the remainder when 924 is divided by h.
4
Let z(m) = 114*m - 649. What is the remainder when z(12) is divided by 60?
59
Let a = 3681 - 3638. What is the remainder when 141 is divided by a?
12
Let f be (6/10)/(2 + (-87)/45). Let r(u) = -u**3 - 7*u**2 + 3. Calculate the remainder when f/12 - 189/(-36) is divided by r(-7).
0
Let w(t) = -12*t - 880. What is the remainder when 888 is divided by w(-76)?
24
Let u(x) = -2*x**3 - 3*x**2 + 2*x - 3. Suppose -5*k = -61*d + 60*d - 182, 3*k - 118 = 5*d. What is the remainder when u(-4) is divided by k?
33
Suppose 0 = -3*w - 4*q - 3, 5*q = 2*w + 4*q - 9. Suppose -2*o - w*s + 177 = 0, -7*s + 8*s - 3 = 0. Calculate the remainder when 251 